
True
Is 85114 a composite number?
True
Is 20174593 prime?
True
Is 4958693 composite?
False
Is 63638977 composite?
True
Is 59563027 a prime number?
True
Is 3036893 prime?
False
Is 36584701 a composite number?
True
Is 7040477 prime?
True
Is 4813027 a prime number?
True
Is 538429 a prime number?
False
Is 450427 a prime number?
False
Is 333007919 a composite number?
True
Is 3902933 prime?
False
Is 73884695 a composite number?
True
Is 427640221 prime?
False
Is 1158743 composite?
False
Is 16678811 prime?
True
Is 460267 a composite number?
False
Is 28853611 composite?
False
Is 43127731 a composite number?
False
Is 2282141 a prime number?
True
Is 1045246 prime?
False
Is 27513247 composite?
True
Is 16358169 composite?
True
Is 96379711 a composite number?
False
Is 26214413 a prime number?
True
Is 10832597 a prime number?
False
Is 7093621 composite?
False
Is 11005711 a prime number?
False
Is 65874527 composite?
True
Is 745231 a composite number?
False
Is 421249 a composite number?
True
Is 8331317 a prime number?
True
Is 112535609 composite?
False
Is 571717 a composite number?
False
Is 4745441 prime?
True
Is 3698987 a composite number?
True
Is 56971667 prime?
False
Is 14567537 a composite number?
False
Is 82054727 composite?
False
Is 290627 a prime number?
True
Is 666907 a composite number?
True
Is 1501541 a prime number?
True
Is 6874793 composite?
True
Is 3181791 a composite number?
True
Is 767357051 a composite number?
True
Is 1144150409 composite?
True
Is 5046051 a composite number?
True
Is 66592187 prime?
True
Is 1046533 composite?
True
Is 950293 prime?
False
Is 213851 prime?
False
Is 20409539 a prime number?
True
Is 102426911 prime?
True
Is 299135393 composite?
False
Is 63639967 a prime number?
False
Is 3904111 a composite number?
False
Is 254335429 a prime number?
False
Is 709228631 composite?
False
Is 3021511 a prime number?
False
Is 92834299 a prime number?
True
Is 3366067 a composite number?
False
Is 68069062 prime?
False
Is 2915611 prime?
True
Is 68003119 prime?
False
Is 18303199 a composite number?
False
Is 38776999 prime?
False
Is 2474737 prime?
True
Is 2675411 prime?
False
Is 24711119 prime?
True
Is 12248959 a composite number?
True
Is 8482333 prime?
True
Is 63323237 composite?
False
Is 20962609 prime?
False
Is 464543665 prime?
False
Is 246456683 a composite number?
True
Is 48861077 prime?
False
Is 134413 prime?
False
Is 7527853 composite?
False
Is 26341853 composite?
False
Is 319635907 a prime number?
True
Is 30449911 a prime number?
True
Is 535061 a composite number?
False
Is 8974931 a composite number?
True
Is 205189 composite?
True
Is 8784533 a composite number?
False
Is 54354821 prime?
False
Is 52329569 a composite number?
True
Is 89665549 a prime number?
True
Is 244690619 prime?
True
Is 30745499 a composite number?
False
Is 16909051 composite?
False
Is 4172429 composite?
True
Is 523156259 a prime number?
False
Is 24827785 a composite number?
True
Is 676231 composite?
True
Is 2643299 prime?
False
Is 57974911 a composite number?
False
Is 27243817 a composite number?
False
Is 32650147 prime?
False
Is 37858853 prime?
True
Is 3611243 a prime number?
True
Is 3333739 a prime number?
True
Is 79724683 a prime number?
False
Is 6208013 a composite number?
True
Is 182851313 composite?
True
Is 3893795 a composite number?
True
Is 525029 a prime number?
True
Is 30600803 prime?
True
Is 3052177 prime?
True
Is 5703127 composite?
False
Is 4884137 composite?
False
Is 5446549 composite?
True
Is 9034621 a prime number?
True
Is 1123349 prime?
True
Is 1440233 composite?
False
Is 26421877 a prime number?
True
Is 17981377 composite?
True
Is 107837 a composite number?
False
Is 536965001 a prime number?
False
Is 49066279 a prime number?
True
Is 2892983 a composite number?
False
Is 4492787 composite?
True
Is 2589463 a prime number?
False
Is 21062869 a composite number?
False
Is 27144613 a composite number?
False
Is 18330109 a prime number?
False
Is 7236001 prime?
True
Is 359286871 a composite number?
False
Is 1318181927 prime?
True
Is 67703861 composite?
True
Is 25405987 a prime number?
True
Is 348267 prime?
False
Is 9443647 a composite number?
True
Is 39479789 a prime number?
False
Is 460339 prime?
False
Is 3277457 a composite number?
False
Is 81194731 composite?
True
Is 1122125126 composite?
True
Is 7471277 a composite number?
True
Is 9928661 a prime number?
True
Is 209168123 composite?
True
Is 207809161 composite?
True
Is 64199203 composite?
False
Is 4805239 composite?
True
Is 600564319 a composite number?
False
Is 64534859 prime?
False
Is 5405111 a prime number?
True
Is 11117383 composite?
False
Is 18100891 prime?
False
Is 140322499 composite?
True
Is 3358643 a composite number?
True
Is 29176339 a composite number?
True
Is 15300523 a prime number?
False
Is 65772247 a composite number?
False
Is 24446707 a composite number?
True
Is 10781321 a prime number?
True
Is 3041111 a composite number?
False
Is 90348873 a prime number?
False
Is 340428397 composite?
False
Is 9143203 a composite number?
False
Is 33417653 composite?
False
Is 1688002 prime?
False
Is 169201623 prime?
False
Is 236058499 prime?
False
Is 745783 prime?
False
Is 822517 a prime number?
True
Is 9825149 a composite number?
False
Is 1103797 prime?
True
Is 9624607 a prime number?
False
Is 892378 prime?
False
Is 25247111 composite?
False
Is 182797 a prime number?
False
Is 998441 composite?
True
Is 44535979 a composite number?
True
Is 11814857 prime?
True
Is 1161221 prime?
False
Is 614156669 a prime number?
False
Is 787313 composite?
True
Is 79746631 a composite number?
False
Is 4998359 prime?
True
Is 20420821 a composite number?
False
Is 3247107 prime?
False
Is 11467619 a composite number?
True
Is 59461163 a prime number?
False
Is 55396577 composite?
False
Is 13858059 prime?
False
Is 229654 a prime number?
False
Is 3265555 a prime number?
False
Is 2507003 prime?
True
Is 135427099 a prime number?
True
Is 310885823 composite?
True
Is 97793921 a composite number?
False
Is 798871 prime?
True
Is 218227769 prime?
True
Is 68470394 a prime number?
False
Is 1085658163 prime?
True
Is 26151883 prime?
False
Is 345859055 composite?
True
Is 15360161 a composite number?
False
Is 1280095 a composite number?
True
Is 23132561 composite?
False
Is 613097 a composite number?
False
Is 3763453 a prime number?
True
Is 14532937 composite?
False
Is 35157221 composite?
True
Is 202976687 a prime number?
True
Is 1324926823 composite?
True
Is 90469799 prime?
False
Is 4824349 composite?
True
Is 66571 a composite number?
False
Is 10960671 a prime number?
False
Is 88463 composite?
False
Is 7014533 a prime number?
True
Is 2268659 a prime number?
True
Is 212025067 prime?
True
Is 62929903 composite?
True
Is 13039683 composite?
True
Is 4208026 composite?
True
Is 961681 composite?
True
Is 53680607 a prime number?
True
Is 1294883 a prime number?
False
Is 6582269 composite?
True
Is 59573233 composite?
False
Is 215355467 a prime number?
False
Is 244926137 prime?
False
Is 10888643 composite?
False
Is 18830921 composite?
True
Is 160868209 prime?
True
Is 1511867 a prime number?
False
Is 17315063 a composite number?
False
Is 21846131 a prime number?
True
Is 4681321 prime?
True
Is 83919013 a prime number?
False
Is 18886489 a prime number?
True
Is 1102037 a composite number?
True
Is 11531203 a prime number?
True
Is 1256581 prime?
False
Is 905371 a composite number?
True
Is 46187639 prime?
True
Is 29473751 prime?
True
Is 1419791 a prime number?
True
Is 36982903 composite?
True
Is 805456519 a composite number?
True
Is 358969499 a composite number?
True
Is 1207337 a composite number?
True
Is 85687537 a prime number?
False
Is 3993499 a composite number?
True
Is 63406627 a prime number?
True
Is 19298611 a prime number?
True
Is 386489617 prime?
False
Is 943591 a prime number?
False
Is 1144697 prime?
False
Is 5197663 a prime number?
True
Is 85820513 a prime number?
False
Is 8289539 a composite number?
False
Is 1196593 composite?
False
Is 2449961 a prime number?
False
Is 83506037 a prime number?
True
Is 292133 prime?
True
Is 27029423 a composite number?
False
Is 9846779 prime?
True
Is 4319089 composite?
False
Is 276851 a composite number?
True
Is 46199 a prime number?
True
Is 2235199 composite?
False
Is 157492681 composite?
False
Is 25731859 composite?
F